 13 divide o?
False
Let l = 128 - 24. Is l a multiple of 12?
False
Let f be 0/(-2)*(1 - 0). Suppose 0*g - 2*g = f. Suppose 3*x - 80 + 35 = g. Does 7 divide x?
False
Let p(u) = 1 + 5*u + 0*u + 0 - u. Does 4 divide p(1)?
False
Let p = 14 + -14. Suppose -4*x + 112 = -p*x. Is x a multiple of 7?
True
Let q(h) = -h**2 - 7*h + 3. Let o be q(-6). Suppose -3*p + o + 72 = 3*i, 0 = 5*p - 25. Does 9 divide i?
False
Let w(u) = -3*u + 2. Let c = 3 - 2. Let t = c - 3. Is w(t) a multiple of 4?
True
Let d = 197 - 106. Let s = -55 + d. Does 31 divide s?
False
Suppose n - 3*p - 4 = 0, -2*n + p + 11 = -4*p. Is 6 a factor of n?
False
Let x = -4 - -5. Let c = x - -7. Is c a multiple of 6?
False
Let z = -121 - -182. Let a be 1*(3 + 0)*-1. Is (-2)/6 - z/a a multiple of 14?
False
Let b be (1 + 31)/((-2)/(-4)). Let q be (2/(-4))/((-4)/b). Suppose 0 = -v + q + 3. Does 7 divide v?
False
Let s(b) = b**2 + b. Let f be s(-3). Let h = 32 - f. Is h a multiple of 13?
True
Suppose 3*p - 82 = -19. Suppose -3*k + 33 = -p. Is 18 a factor of k?
True
Suppose -4*g - 112 = -4*j - 3*g, 5*j - g = 140. Is 5 a factor of (40/j)/((-2)/(-14))?
True
Suppose 95 = 5*a + 3*k, 0 = 5*a - 2*k + 27 - 97. Suppose -4*g = -6*g + a. Is 8 a factor of g?
True
Suppose -5*p + 1080 = 4*p. Does 13 divide p?
False
Let h(v) = -v + 5. Let b be h(7). Let g = b - -3. Is 9 + g/(1 + 0) a multiple of 10?
True
Suppose -2*h - 64 = -6*h. Is h a multiple of 10?
False
Let c be -130 + 2 + 3 + -4. Let s = c + 219. Does 30 divide s?
True
Let i be (27/(-12))/(2/8). Let x = 17 + i. Does 4 divide x?
True
Let l be 1 + 1 - (121 - -6). Let y = l - -205. Does 20 divide y?
True
Suppose -2*b - 5*u - 17 = 0, 55 = -3*b - b - 3*u. Does 4 divide (-18)/((-4)/b*-6)?
True
Let j(a) = 3*a - 1. Let u be j(-1). Let c be (6/u)/(4/8). Let h = 11 - c. Is 5 a factor of h?
False
Suppose -30 = -5*u - 0*u. Suppose r + 210 = u*r. Does 21 divide r?
True
Suppose x + 153 = 5*f - 412, f = 2*x + 113. Does 12 divide f?
False
Suppose -j + 0*j + 3 = 0. Suppose 6*d - 3*d = -5*c + 9, j*c = 0. Is d even?
False
Suppose 0 = -w + 101 + 71. Does 43 divide w?
True
Suppose o - 20 = -3. Does 11 divide o?
False
Suppose 0 = 2*h + 5*f - 34, 4*h - 2*f - 42 = f. Suppose 5*g - 2*g = h. Is g a multiple of 2?
True
Suppose 90 = 3*h - 60. Is h a multiple of 11?
False
Let h be 3/7 - 650/(-35). Suppose 2*s - 13 = h. Does 11 divide s?
False
Let s = 33 - 5. Does 24 divide s?
False
Suppose -3*c + 0 + 67 = -o, 0 = -3*c - o + 77. Is 6 a factor of c?
True
Let z(p) = -p + 13. Let y be z(0). Suppose -4*r = -4*k - 16, -5*r + 36 = -5*k - 4*r. Let x = k + y. Does 2 divide x?
False
Let a(c) = c**2 + 10*c + 11. Is a(-17) a multiple of 13?
True
Does 5 divide 2/7 + 267/21?
False
Suppose -5*u + 6*u = 77. Is u a multiple of 7?
True
Let w = -107 - -239. Suppose 3*a + 3*c = a + w, -3*c - 12 = 0. Is a a multiple of 17?
False
Suppose p + 2*t - 69 = -16, 2*p + 5*t - 108 = 0. Does 14 divide p?
False
Let m(x) = 4*x**2 + 4*x - 1. Let w be m(-3). Suppose -5*y = 5, 3*h - 3*y - 52 = w. Is h a multiple of 8?
True
Suppose -8 = -x - 3*x. Suppose 5*o + x*h = 46 + 18, 3*h = 6. Is o a multiple of 8?
False
Let c(b) = -b**2 + 12*b - 5. Let g(i) = -10*i + 17. Let u(f) = 3*f - 6. Let n(m) = -2*g(m) - 7*u(m). Let l be n(0). Does 11 divide c(l)?
False
Suppose 2*j = 2*o - 191 - 131, 0 = 4*o - 5*j - 641. Suppose -4*s - 5*y = -y - o, 4*s = -2*y + 158. Does 19 divide s?
True
Let w = 13 + -44. Let d be (-4)/6 - (-712)/(-12). Let o = w - d. Does 11 divide o?
False
Suppose 3*b - 14 = 7*b - 2*z, -3*b - z = 23. Let a = -3 - b. Is 12 a factor of a/(-1) + (27 - 0)?
True
Suppose a - 4*a - 6 = 0. Is -2 - -1*3 - a a multiple of 3?
True
Let i be (-8)/20 - 54/(-10). Suppose y = a + 1 + 2, 5*a + i = 0. Is 1*93/6*y a multiple of 11?
False
Let t(i) = i**3 + 9*i**2 + 2*i + 8. Is t(-8) a multiple of 29?
False
Is 14 a factor of (13/(-3))/((-5)/30)?
False
Suppose q - 5 = -4*x, 4*q - 25 = -q. Suppose r - 15 = -x*r. Let b = r + -11. Does 4 divide b?
True
Does 31 divide 1 + 3/(15/460)?
True
Suppose 4*b - 48 = 4*n, 33 = -5*b + 7*b - 5*n. Is b even?
False
Let l(x) = -19*x**2 + 1. Let q be l(-1). Let g be 8/(-12) - (-16)/6. Is (q/(-12))/(g/12) a multiple of 9?
True
Let m be -1 + (1 - 0) - -2. Suppose 0 = -5*c - 3*r - 1, 0 = 2*c - 0*r + 2*r - m. Is (c/1)/((-8)/60) a multiple of 15?
True
Let t(f) = 2*f - 1. Let d be ((-6)/(-9))/((-1)/(-12)). Is t(d) a multiple of 5?
True
Let v = -19 + 31. Suppose -5*r + v = -x + 2*x, 3*r + 2*x - 3 = 0. Suppose 2*q + d - 67 = -0*d, -r*q = -5*d - 133. Does 12 divide q?
True
Let v be (-32)/(-6) + (-9)/27. Let o = v - 2. Suppose -4*z - 30 = o*a - 4*a, a - 29 = 3*z. Is a a multiple of 13?
True
Let k = 72 - 38. Does 6 divide k?
False
Let a(h) = -h**2 + 6*h + 3. Let c be a(4). Let f = c + -9. Suppose f*r + 3*z + 2*z = 7, 0 = 4*r + 3*z - 21. Is 3 a factor of r?
True
Suppose -5*o + 4*o = 0. Suppose o = z + 2*z - 60. Is 10 a factor of z?
True
Let b(g) = 3*g. Let t be b(-3). Let o = 4 - t. Is 11 a factor of o?
False
Let s(v) = v**3 + 9*v**2 - 9*v + 13. Let w be s(-10). Suppose -4*r = m - 16, -4*m - 2*r - w*r + 31 = 0. Suppose -3*z + 2*g = -8, m*z + g = -4*g + 3. Is z even?
True
Suppose -207 = -4*g + 93. Does 15 divide g?
True
Let b(h) = -4 - 3 - 1 - 2*h. Does 10 divide b(-9)?
True
Let s = -1 + 2. Is (s + 0)*(25 - 7) a multiple of 18?
True
Suppose g = -0*r + 3*r - 17, 0 = -2*g + 2. Suppose r*o - 8*o + 76 = 0. Does 20 divide o?
False
Suppose -5*g = -4*z - 20, z - 45 = -0*g - 5*g. Let p(w) = 7*w - 5. Is p(g) a multiple of 23?
False
Let l(d) = -d**3 + 7*d**2 - 5*d - 2. Let b be l(7). Let r = b - -76. Is 13 a factor of r?
True
Let w = -127 + 182. Let c = -38 + w. Does 4 divide c?
False
Is 7 a factor of 2/5 + (-949)/(-65)?
False
Let s(c) = c**2 - 8*c - 8. Let a be 12 - -1 - (10 - 7). Does 5 divide s(a)?
False
Suppose 0 = 4*v - 0*v - 8. Let f be (9 - 0) + (-1*4)/2. Suppose 43 = -v*c + f*c - 4*d, 2*c + 4*d - 6 = 0. Is c a multiple of 7?
True
Let g(v) be the first derivative of 5*v**2/2 - 2*v - 3. Does 9 divide g(4)?
True
Suppose 8 = 2*p, -5*x + 24 = 3*p - 8. Suppose -4*z - 96 = -2*u - 2*u, z = x*u - 96. Is 6 a factor of u?
True
Let y(x) = x + 2. Let s be y(2). Suppose 6 = -q - 2*q, 86 = s*a - q. Is 21 a factor of a?
True
Suppose 5*y - 8 = -5*f + 22, f = -2*y + 10. Suppose -r = -f*w + 3, 5*r - 5*w + 9 = r. Is -2*-2*(r + 2) a multiple of 3?
False
Let z(a) = 14*a + 2. Suppose 2*x - 6 = 4. Suppose 0*u - x*u + 29 = 2*n, 3*u - 15 = 0. Is 14 a factor of z(n)?
False
Let a = -367 - -599. Does 51 divide a?
False
Let x = -40 - -96. Is 15 a factor of x?
False
Let s(o) = 4 + 2*o - o - 2 + 1. Let z be s(-7). Does 20 divide z/2 - 2*-21?
True
Let d be (1 - 0)/(2/384). Suppose -2*h + d = -0*h. Suppose 0 = 5*k - 2*f - f - 136, -4*k - 4*f = -h. Is 13 a factor of k?
True
Is 18 a factor of ((-89)/2)/(5/(-10))?
False
Let n = 4 - 2. Suppose -p = n + 5. Does 17 divide 5/(-1 - 8/p)?
False
Is 9/((-225)/(-10)) - 113/(-5) a multiple of 2?
False
Let l = -439 - -732. Is l a multiple of 9?
False
Suppose 0 = -y + 2*y + 3, 5*m + 11 = -2*y. Is 11 a factor of (m - 0)*-11*1?
True
Let j(k) = -10*k**3 - 2*k**2 + 1. Let i be j(-1). Let n = i - 8. Let t(q) = 4*q**2 - q. Is 3 a factor of t(n)?
True
Suppose -5*g + i + 547 = -144, 2*g - 262 = 4*i. Does 27 divide g?
False
Let f(j) = j**3 - 3*j**2 + 3*j - 3. Let c(a) = -a**2 - 6*a - 5. Let u be c(-4). Let r be f(u). Suppose -4*l = r*d - d - 114, -3*l = -3*d + 90. Does 9 divide d?
False
Suppose 14*h - h = 1534. Is h a multiple of 30?
False
Let g = -10 - -5. Let a(o) = -o**3 - 5*o**2 - 3*o - 3. Does 6 divide a(g)?
True
Let i(f) = f**2 + 3*f + 2. Is 10 a factor of i(-6)?
True
Is ((-42)/3)/((-3)/(6/4)) a multiple of 5?
False
Let d(i) = -i**3 + 5*i**2 - 3*i + 3. Suppose 4*q = 4*z - 16, -q = -z - 3*q + 4. Does 7 divide d(z)?
True
Suppose -4*j + 32 = -3*k, k - 32 = -4*j - 2*k. Is j even?
True
Let x(r) = -r - 19. Let g be x(0). Let u = -2 - g. Is 5 a factor of u?
False
Suppose 0 = -4*z - 28 + 104. Let v = 21 + z. Does 15 divide v?
False
Suppose -108*j + 113*j = 135. Is 15 a factor of j?
False
Let g(z) be the first derivative of z**3/3 + 7*z**2/2 + 3*z - 2. Let q be g(-7). Suppose q*j + j - 88 = 0. Is j a multiple of 11?
True
Let u be ((-3)/(-2))/(9/528). Suppose -4*p = 142 + 82. Let t = p + u. Is 16 a factor of t?
True
Let d = -14 + 